{"id":658,"date":"2024-06-10T12:35:44","date_gmt":"2024-06-10T12:35:44","guid":{"rendered":"https:\/\/casinoutenblokkering.com\/?page_id=658"},"modified":"2024-06-24T14:38:21","modified_gmt":"2024-06-24T14:38:21","slug":"ethereum-casinoer","status":"publish","type":"page","link":"http:\/\/casinoutenblokkering.com\/betalingsmetoder\/kryptocasino\/ethereum","title":{"rendered":"Ethereum casinoer"},"content":{"rendered":"\n<p>Ethereum er en av de aller vanligste kryptovalutaene, ogs\u00e5 hos utenlandske nettcasinoer. Med denne kryptovalutaen f\u00e5r du raske innskudd og uttak, og du kan s\u00e5 klart ogs\u00e5 ta del av en rekke ulike Ethereum bonuser. Spillutvalget er generelt solid, s\u00e5 lenge du velger et av de beste Ethereum casinoer.<\/p>\n\n\n\n<h2 class=\"wp-block-heading\">Hvordan du velger det beste Ethereum casinoet<\/h2>\n\n\n\n<p>F\u00f8r du velger et Ethereum casino, b\u00f8r du unders\u00f8ke de ulike tjenestene og funksjonene de tilbyr. Dette er den beste m\u00e5ten \u00e5 sikre at casinoet oppfyller dine behov. Nedenfor har vi listet noen av de viktigste aspektene du b\u00f8r vurdere for \u00e5 finne det beste Ethereum-casinoet for deg.<\/p>\n\n\n\n<ul class=\"wp-block-list\">\n<li><strong>Transaksjonsgrenser for Ethereum: <\/strong>Sjekk de forskjellige grensene for minimum og maksimum innskudd og uttak. P\u00e5 denne m\u00e5ten kan du v\u00e6re sikker p\u00e5 at grensene passer dine behov, enten du spiller med sm\u00e5 bel\u00f8p eller er en storspiller.<\/li>\n\n\n\n<li><strong>Spillutvalg: <\/strong>N\u00e5r du spiller p\u00e5 nett, b\u00f8r du forsikre deg om at casinoet tilbyr spillene du er interessert i. Unders\u00f8k antallet spill, de ulike spillutviklerne og variasjonen i spillkategoriene du liker.<\/li>\n\n\n\n<li><strong>Bonuser og kampanjer: <\/strong>Nettcasinoer tilbyr ulike bonuser, men det er viktig \u00e5 sjekke bonusvilk\u00e5rene f\u00f8r du benytter deg av dem. S\u00f8rg for at de ogs\u00e5 har l\u00f8pende bonuser som passer deg, samt et lojalitets- eller VIP-program.<\/li>\n\n\n\n<li><strong>Kundeservice: <\/strong>De beste Ethereum-casinoene tilbyr rask hjelp og har gjerne d\u00f8gn\u00e5pen support. En hjelpeside med ofte stilte sp\u00f8rsm\u00e5l (FAQ) og flere kontaktmetoder er ogs\u00e5 fordelaktig.<\/li>\n\n\n\n<li><strong>Sikkerhet og lisens: <\/strong>S\u00f8rg for at casinoet har en lisens fra en anerkjent spillemyndighet. Det er ogs\u00e5 viktig at nettsiden er godt kryptert. Les gjennom de generelle brukervilk\u00e5rene og personvernerkl\u00e6ringen.<\/li>\n<\/ul>\n\n\n\n<h2 class=\"wp-block-heading\">Fordeler og ulemper ved \u00e5 bruke Ethereum hos et casino p\u00e5 nett<\/h2>\n\n\n\n<p>Det finnes mange fordeler ved \u00e5 bruke Ethereum som betalingsmetode hos et nettcasino, men det er ogs\u00e5 noen ulemper. Her er de viktigste argumentene for og imot \u00e5 bruke Ethereum i stedet for tradisjonelle norske betalingsmetoder.<\/p>\n\n\n\n<figure class=\"wp-block-table\"><table><tbody><tr><td><strong>Fordeler<\/strong><\/td><td><strong>Ulemper<\/strong><\/td><\/tr><tr><td>Du unng\u00e5r problemer med transaksjoner som blir blokkert eller stoppet av myndighetene.<\/td><td>Ethereum-transaksjoner er ikke \u00f8yeblikkelige, s\u00e5 du m\u00e5 vente noen minutter f\u00f8r pengene er tilgjengelige.<\/td><\/tr><tr><td>\u00c5 overf\u00f8re penger via blokkjeden regnes som en av de sikreste metodene \u00e5 overf\u00f8re penger p\u00e5.&nbsp;<\/td><td>Det p\u00e5l\u00f8per alltid en avgift for \u00e5 sende transaksjoner via blokkjeden.<\/td><\/tr><tr><td>Flere casinoer har eksklusive bonustilbud for spillere som bruker Ethereum og andre kryptovalutaer.<\/td><td>Noen casinoer tilbyr ikke velkomstbonuser til brukere av Ethereum.<\/td><\/tr><tr><td>Du er ikke begrenset til de f\u00e5 tradisjonelle betalingsmetodene som er tilgjengelige for norske spillere.<\/td><td>Ikke alle casinospill og spillutviklere st\u00f8tter ETH som valuta innad i spillene.<\/td><\/tr><tr><td>Uttak med Ethereum er blant de raskeste, med minimal ventetid.<\/td><td>Ethereum er en ustabil valuta, noe som kan p\u00e5virke verdien av dine innskudd og gevinster.<\/td><\/tr><\/tbody><\/table><\/figure>\n\n\n\n<h2 class=\"wp-block-heading\">Spillutvalget hos Ethereum casinoer<\/h2>\n\n\n\n<p>Spillutvalget hos Ethereum og <a href=\"https:\/\/casinoutenblokkering.com\/betalingsmetoder\/kryptocasino\">kryptocasinoer<\/a> kan variere betydelig. Hos hybridcasinoer, hvor du kan sette inn penger med Ethereum men spille med tradisjonell valuta som norske kroner, kan utvalget v\u00e6re massivt. Men, for rene Ethereum casinoer er spillutvalget noen ganger litt mer begrenset.<\/p>\n\n\n\n<p>Ikke alle spillutviklere har implementert Ethereum som en akseptert valuta i spillene sine. Derfor kan ikke innsatser og gevinster gj\u00f8res med Ethereum eller andre kryptovalutaer. Heldigvis ser det ut til at dette gradvis endres, da flere og flere spilleverand\u00f8rer tilpasser spillene sine for \u00e5 st\u00f8tte kryptovalutaer.<\/p>\n\n\n\n<p>Noen nettcasinoer har ogs\u00e5 en egen kategori for Ethereum-spill, selv om kategorien ofte kalles for BTC-spill eller <a href=\"https:\/\/casinoutenblokkering.com\/betalingsmetoder\/kryptocasino\/bitcoin\">Bitcoin. casino<\/a>. Derimot st\u00f8tter disse spillene som regel ogs\u00e5 Ethereum. I dag kan du forvente at omtrent to tredjedeler av spillene p\u00e5 et casino er tilgjengelig i denne kategorien. Dette betyr at du kan glede deg over et stort utvalg av casinospill. Noen av spilltypene du kan se frem imot er spilleautomater, bordspill, live casino og andre spill.\u00a0<\/p>\n\n\n\n<h2 class=\"wp-block-heading\">Bonuser hos de beste Ethereum casinoene<\/h2>\n\n\n\n<p>Hvilken type bonusprogram et Ethereum casino tilbyr varierer veldig. Alle casino vi anbefaler tilbyr en velkomstbonus, men n\u00e5r du velger et casino m\u00e5 du legge like mye vekt p\u00e5 de langsiktige bonusene. Se etter ukentlige matchbonuser, gratisspinn og ikke minst cashbacks. Har casinoet et solid lojalitetsprogram eller en VIP-klubb kan dette ogs\u00e5 gi mange fordeler, spesielt om du er en storspiller.<\/p>\n\n\n\n<p>N\u00e5r du evaluerer bonuser er det viktig \u00e5 ikke bare vurdere bel\u00f8pene du mottar, men ogs\u00e5 bonusvilk\u00e5rene. Det er disse som virkelig bestemmer hvor gode tilbudene egentlig er. Pass p\u00e5 at de ikke har et for h\u00f8yt omsetningskrav og at de ikke begrenser for mye hvordan du kan spille og hvilke spill du kan bruke bonuspengene p\u00e5.<\/p>\n\n\n\n<p>La oss se p\u00e5 noen av de typer bonuser du kan forvente.<\/p>\n\n\n\n<h3 class=\"wp-block-heading\">Velkomstbonus<\/h3>\n\n\n\n<p>Velkomstbonusen er den aller f\u00f8rste balansen du f\u00e5r n\u00e5r du melder deg p\u00e5. Ofte kan du ogs\u00e5 f\u00e5 en velkomstpakke som strekker seg over fire eller fem innskudd.<\/p>\n\n\n\n<h3 class=\"wp-block-heading\">Matchbonus<\/h3>\n\n\n\n<p>Matchbonusen gir deg en prosentandel av ditt innskudd som bonus, alltid med en maksimal matchprosent og et minimumsinnskudd.&nbsp;<\/p>\n\n\n\n<h3 class=\"wp-block-heading\">Gratisspinn<\/h3>\n\n\n\n<p>Gratisspinn gir deg et bestemt antall spinn p\u00e5 spilleautomater gratis, og gevinstene du vinner er din bonus.<\/p>\n\n\n\n<h3 class=\"wp-block-heading\">Cashback<\/h3>\n\n\n\n<p>Cashback gir deg en prosentandel av nettotapene dine tilbake, vanligvis mellom 5% og 30%, begrenset til spesifikke spillkategorier og tidsperioder.&nbsp;<\/p>\n\n\n\n<h3 class=\"wp-block-heading\">Lojalitetsprogram<\/h3>\n\n\n\n<p>Lojalitetsprogrammer gir deg fordeler basert p\u00e5 ditt niv\u00e5, inkludert cashbacks, gratisspinn og niv\u00e5baserte bel\u00f8nninger. Du kan ogs\u00e5 noen ganger samle poeng eller mynter for \u00e5 kj\u00f8pe bonuser i en bonusbutikk.<\/p>\n\n\n\n<h2 class=\"wp-block-heading\">Slik spiller du hos et Ethereum casino<\/h2>\n\n\n\n<p>\u00c5 spille hos et Ethereum casino er enkelt, for det fungerer nesten helt likt som \u00e5 spille hos et hvilket som helst annet nettcasino. Under kan du finne en steg-for-steg guide som tar deg gjennom hele spillopplevelsen.<\/p>\n\n\n\n<ul class=\"wp-block-list\">\n<li><strong>Steg 1: <\/strong>Velg et Ethereum casino fra listen v\u00e5r over de beste Ethereum casinoene \u00f8verst p\u00e5 denne siden.<\/li>\n\n\n\n<li><strong>Steg 2: <\/strong>Meld deg p\u00e5 ved \u00e5 fylle ut registreringsskjemaet med dine personopplysninger og din kontaktinformasjon.&nbsp;<\/li>\n\n\n\n<li><strong>Steg 3: <\/strong>Gjennomf\u00f8r et innskudd fra innskuddsiden ved \u00e5 velge Ethereum som betalingsmetode. Scan QR-koden og send pengene fra din Ethereum-lommebok.<\/li>\n\n\n\n<li><strong>Steg 4: <\/strong>Krev bonusen din og start spillingen. Fullf\u00f8r omsetningskravet for bonusen for \u00e5 konvertere bonuspengene til ekte penger.<\/li>\n\n\n\n<li><strong>Steg 5: <\/strong>Gjennomf\u00f8r et <a href=\"https:\/\/casinoutenblokkering.com\/utenlandske-spillselskaper\/ta-ut\">uttak av gevinster<\/a> n\u00e5r bonusen er konvertert ved \u00e5 igjen velge betalingsmetoden Ethereum. Send uttaket til din egen Ethereum-lommebok.\u00a0<\/li>\n<\/ul>\n\n\n\n<h2 class=\"wp-block-heading\">Ansvarlig spilling<\/h2>\n\n\n\n<p>N\u00e5r du deltar i pengespill, er det essensielt \u00e5 ha et bevisst forhold til <a href=\"http:\/\/casinoutenblokkering.com\/ansvarlig-spill\">ansvarlig spilling<\/a>. Dette sikrer at spillopplevelsen forblir underholdende og ikke tar en negativ vending. Her er noen viktige tips:<\/p>\n\n\n\n<ul class=\"wp-block-list\">\n<li>Hvis spilling ikke lenger gir deg glede b\u00f8r du vurdere \u00e5 avslutte spillesesjonen og ta en pause fra spillekontoen.<\/li>\n\n\n\n<li>Ikke spill for mer penger enn du komfortabelt har r\u00e5d til \u00e5 tape.&nbsp;<\/li>\n\n\n\n<li>V\u00e6r oppmerksom p\u00e5 eventuelle endringer i dine spillevaner, for eksempel \u00f8kte innsatser eller lengre og hyppigere spille\u00f8kter.<\/li>\n\n\n\n<li>Hvis tanker om spilling begynner \u00e5 dominere m\u00e5 du v\u00e6re oppmerksom og vurdere \u00e5 opps\u00f8ke hjelp.<\/li>\n\n\n\n<li>Ved et problematisk forhold til spilling, ta kontakt med hjelpeorganisasjoner og vurder \u00e5 utestenge deg selv fra casinoet.<\/li>\n<\/ul>\n\n\n\n<p>De fleste p\u00e5litelige Ethereum casinoer legger stor vekt p\u00e5 ansvarlig spilling. P\u00e5 den dedikerte siden finner du omfattende informasjon om risikoer knyttet til pengespill, samt kontaktopplysninger til hjelpelinjer som tilbyr st\u00f8tte. Videre tilbyr de beste Ethereum casinoene ulike verkt\u00f8y for \u00e5 hjelpe deg med \u00e5 kontrollere spillingen din. Dette kan inkludere muligheten til \u00e5 sette egne grenser for innskudd, tap og spill\u00f8kt.&nbsp;<\/p>\n\n\n\n<h2 class=\"wp-block-heading\">Hvordan vi tester og rangerer Ethereum casinoer<\/h2>\n\n\n\n<p>N\u00e5r vi hos CasinoUtenBlokkering.com tester Ethereum casinoer, bruker vi en detaljert mal for \u00e5 sikre at vi vurderer alle aspekter ved hvert casino likt. Denne prosessen strekker seg over flere m\u00e5neder. Her er en oversikt over v\u00e5r fremgangsm\u00e5te:<\/p>\n\n\n\n<ul class=\"wp-block-list\">\n<li><strong>Registrering av spillekonto: <\/strong>Vi oppretter alltid en konto for \u00e5 vurdere registreringsprosessen og ha en aktiv spillekonto tilgjengelig for testing.<\/li>\n\n\n\n<li><strong>Bonuser og kampanjer: <\/strong>Vi benytter oss av tilbudte bonuser og gjennomg\u00e5r n\u00f8ye alle bonusregler for \u00e5 sikre rettferdighet. Vi evaluerer ogs\u00e5 omfanget og kvaliteten p\u00e5 bonusprogrammet.<\/li>\n\n\n\n<li><strong>Innskudd og uttak: <\/strong>Vi gj\u00f8r innskudd med minst tre ulike kryptovalutaer for \u00e5 vurdere transaksjonstidene.<\/li>\n\n\n\n<li><strong>Spillutvalg: <\/strong>Vi g\u00e5r gjennom hele spillutvalget og spiller de mest popul\u00e6re titlene. Siden vi ofte bruker bonuser, fokuserer vi hovedsakelig p\u00e5 spilleautomater for \u00e5 oppfylle omsetningskravene.<\/li>\n\n\n\n<li><strong>Kundeservice: <\/strong>Vi kontakter kundeservice minst to ganger per kontaktmetode for \u00e5 evaluere kunnskapsniv\u00e5, service og responstid.<\/li>\n\n\n\n<li><strong>Sikkerhet og lisens: <\/strong>Vi bekrefter at casinoet har en gyldig lisens og unders\u00f8ker sikkerhetsdokumentasjonen, inkludert hvilken kryptering de bruker.<\/li>\n\n\n\n<li><strong>Ansvarlig spilling: <\/strong>Vi vurderer verkt\u00f8yene casinoet tilbyr for ansvarlig spilling, som innskudds- og tapsgrenser, samt alternativer for selvutestengelse. Vi ser ogs\u00e5 p\u00e5 informasjonen de gir om spilleproblemer.<\/li>\n\n\n\n<li><strong>Brukervilk\u00e5r: <\/strong>Vi leser gjennom alle regler og vilk\u00e5r for \u00e5 sikre at de er minst like gode som industristandarden, og for \u00e5 forsikre oss om at spillere ikke er i en ugunstig posisjon hos casinoet.<\/li>\n<\/ul>\n\n\n\n<h2 class=\"wp-block-heading\">Ofte stilte sp\u00f8rsm\u00e5l<\/h2>\n\n\n\n<h3 class=\"wp-block-heading\">Hva er forskjellen p\u00e5 Ethereum casino og Bitcoin casino?<\/h3>\n\n\n\n<p>Det er ikke s\u00e5 all verdens stor forskjell p\u00e5 et Ethereum casino og et Bitcoin casino, i det minste ikke n\u00e5r det kommer til brukeropplevelsen. Utenom tekniske forskjeller er det bare hvilken kryptovaluta du foretrekker, da det fleste casinoer st\u00f8tter begge valutaene.<\/p>\n\n\n\n<h3 class=\"wp-block-heading\">Hvor raske er uttakene fra et Ethereum casino?<\/h3>\n\n\n\n<p>Behandlingstiden hos et Ethereum casino kan variere fra noen minutter til noen dager. Selve uttaket, n\u00e5r det er godkjent av casinoet, kan derimot ta alt fra noen minutter til en time. Det kommer bare an p\u00e5 hvor travelt det er p\u00e5 blokkjeden.<\/p>\n\n\n\n<h3 class=\"wp-block-heading\">Er det trygt \u00e5 spille hos et Ethereum casino?<\/h3>\n\n\n\n<p>S\u00e5 lenge du spiller hos et lisensiert Ethereum casino er det helt trygt. Pass p\u00e5 at lisensen er fra en respektert spillemyndighet og at nettsiden bruker en sikker kryptering av nettsiden.<\/p>\n\n\n\n<h3 class=\"wp-block-heading\">Hva slags bonuser f\u00e5r jeg hos et Ethereum casino?<\/h3>\n\n\n\n<p>Du kan f\u00e5 alle mulige slags bonuser hos et Ethereum casino. De vanligste bonustypene er matchbonuser, gratisspinn, cashbacks og diverse lojalitetsbonuser. Sjekk kampanjesidene eller bonusprogrammet hos ditt nettcasino eller les v\u00e5re casinoomtaler.<\/p>\n\n\n\n<h3 class=\"wp-block-heading\">Hvor mye kan jeg vinne hos et casino n\u00e5r jeg bruker Ethereum?<\/h3>\n\n\n\n<p>Det er ingen begrensning p\u00e5 hvor mye du kan vinne hos et Ethereum casino. Derimot har casinoer ofte en maksgrense for hvor mye du kan ta ut i l\u00f8pet av en dag, uke eller m\u00e5ned. N\u00e5r du denne grensen m\u00e5 du vente til neste periode for \u00e5 ta ut resten.<\/p>\n","protected":false},"excerpt":{"rendered":"<p>Ethereum er en av de aller vanligste kryptovalutaene, ogs\u00e5 hos utenlandske nettcasinoer. Med denne kryptovalutaen f\u00e5r du raske innskudd og uttak, og du kan s\u00e5 klart ogs\u00e5 ta del av en rekke ulike Ethereum bonuser. Spillutvalget er generelt solid, s\u00e5 lenge du velger et av de beste Ethereum casinoer. Hvordan du velger det beste Ethereum [&hellip;]<\/p>\n","protected":false},"author":3,"featured_media":0,"parent":654,"menu_order":0,"comment_status":"closed","ping_status":"closed","template":"","meta":{"footnotes":""},"class_list":["post-658","page","type-page","status-publish","hentry"],"yoast_head":"<!-- This site is optimized with the Yoast SEO plugin v22.7 - https:\/\/yoast.com\/wordpress\/plugins\/seo\/ -->\n<title>Ethereum casinoer - Casino Uten Blokkering<\/title>\n<meta name=\"description\" content=\"Spill hos Ethereum casinoer for \u00e5 f\u00e5 tilgang til et stort spillutvalg, gode bonuser, og raske transaksjoner for b\u00e5de innskudd og uttak.\" \/>\n<meta name=\"robots\" content=\"index, follow, max-snippet:-1, max-image-preview:large, max-video-preview:-1\" \/>\n<link rel=\"canonical\" href=\"http:\/\/casinoutenblokkering.com\/betalingsmetoder\/kryptocasino\/ethereum\" \/>\n<meta property=\"og:locale\" content=\"en_GB\" \/>\n<meta property=\"og:type\" content=\"article\" \/>\n<meta property=\"og:title\" content=\"Ethereum casinoer - Casino Uten Blokkering\" \/>\n<meta property=\"og:description\" content=\"Spill hos Ethereum casinoer for \u00e5 f\u00e5 tilgang til et stort spillutvalg, gode bonuser, og raske transaksjoner for b\u00e5de innskudd og uttak.\" \/>\n<meta property=\"og:url\" content=\"http:\/\/casinoutenblokkering.com\/betalingsmetoder\/kryptocasino\/ethereum\" \/>\n<meta property=\"og:site_name\" content=\"Casino Uten Blokkering\" \/>\n<meta property=\"article:modified_time\" content=\"2024-06-24T14:38:21+00:00\" \/>\n<meta name=\"twitter:card\" content=\"summary_large_image\" \/>\n<meta name=\"twitter:label1\" content=\"Estimated reading time\" \/>\n\t<meta name=\"twitter:data1\" content=\"8 minutes\" \/>\n<script type=\"application\/ld+json\" class=\"yoast-schema-graph\">{\"@context\":\"https:\/\/schema.org\",\"@graph\":[{\"@type\":\"WebPage\",\"@id\":\"http:\/\/casinoutenblokkering.com\/betalingsmetoder\/kryptocasino\/ethereum\",\"url\":\"http:\/\/casinoutenblokkering.com\/betalingsmetoder\/kryptocasino\/ethereum\",\"name\":\"Ethereum casinoer - Casino Uten Blokkering\",\"isPartOf\":{\"@id\":\"https:\/\/casinoutenblokkering.com\/#website\"},\"datePublished\":\"2024-06-10T12:35:44+00:00\",\"dateModified\":\"2024-06-24T14:38:21+00:00\",\"description\":\"Spill hos Ethereum casinoer for \u00e5 f\u00e5 tilgang til et stort spillutvalg, gode bonuser, og raske transaksjoner for b\u00e5de innskudd og uttak.\",\"breadcrumb\":{\"@id\":\"http:\/\/casinoutenblokkering.com\/betalingsmetoder\/kryptocasino\/ethereum#breadcrumb\"},\"inLanguage\":\"en-GB\",\"potentialAction\":[{\"@type\":\"ReadAction\",\"target\":[\"http:\/\/casinoutenblokkering.com\/betalingsmetoder\/kryptocasino\/ethereum\"]}]},{\"@type\":\"BreadcrumbList\",\"@id\":\"http:\/\/casinoutenblokkering.com\/betalingsmetoder\/kryptocasino\/ethereum#breadcrumb\",\"itemListElement\":[{\"@type\":\"ListItem\",\"position\":1,\"name\":\"Home\",\"item\":\"https:\/\/casinoutenblokkering.com\/\"},{\"@type\":\"ListItem\",\"position\":2,\"name\":\"Betalingsmetoder p\u00e5 utenlandske casinoer\",\"item\":\"http:\/\/casinoutenblokkering.com\/betalingsmetoder\"},{\"@type\":\"ListItem\",\"position\":3,\"name\":\"Kryptocasino\",\"item\":\"http:\/\/casinoutenblokkering.com\/betalingsmetoder\/kryptocasino\"},{\"@type\":\"ListItem\",\"position\":4,\"name\":\"Ethereum casinoer\"}]},{\"@type\":\"WebSite\",\"@id\":\"https:\/\/casinoutenblokkering.com\/#website\",\"url\":\"https:\/\/casinoutenblokkering.com\/\",\"name\":\"Casino Uten Blokkering\",\"description\":\"Alt du trenger for en smartere spillstrategi i Norge!\",\"publisher\":{\"@id\":\"https:\/\/casinoutenblokkering.com\/#organization\"},\"potentialAction\":[{\"@type\":\"SearchAction\",\"target\":{\"@type\":\"EntryPoint\",\"urlTemplate\":\"https:\/\/casinoutenblokkering.com\/?s={search_term_string}\"},\"query-input\":\"required name=search_term_string\"}],\"inLanguage\":\"en-GB\"},{\"@type\":\"Organization\",\"@id\":\"https:\/\/casinoutenblokkering.com\/#organization\",\"name\":\"Casino Uten Blokkering\",\"url\":\"https:\/\/casinoutenblokkering.com\/\",\"logo\":{\"@type\":\"ImageObject\",\"inLanguage\":\"en-GB\",\"@id\":\"https:\/\/casinoutenblokkering.com\/#\/schema\/logo\/image\/\",\"url\":\"https:\/\/casinoutenblokkering.com\/wp-content\/uploads\/2024\/07\/cropped-casinoutenblokkering-logo.webp\",\"contentUrl\":\"https:\/\/casinoutenblokkering.com\/wp-content\/uploads\/2024\/07\/cropped-casinoutenblokkering-logo.webp\",\"width\":300,\"height\":263,\"caption\":\"Casino Uten Blokkering\"},\"image\":{\"@id\":\"https:\/\/casinoutenblokkering.com\/#\/schema\/logo\/image\/\"}}]}<\/script>\n<!-- \/ Yoast SEO plugin. -->","yoast_head_json":{"title":"Ethereum casinoer - Casino Uten Blokkering","description":"Spill hos Ethereum casinoer for \u00e5 f\u00e5 tilgang til et stort spillutvalg, gode bonuser, og raske transaksjoner for b\u00e5de innskudd og uttak.","robots":{"index":"index","follow":"follow","max-snippet":"max-snippet:-1","max-image-preview":"max-image-preview:large","max-video-preview":"max-video-preview:-1"},"canonical":"http:\/\/casinoutenblokkering.com\/betalingsmetoder\/kryptocasino\/ethereum","og_locale":"en_GB","og_type":"article","og_title":"Ethereum casinoer - Casino Uten Blokkering","og_description":"Spill hos Ethereum casinoer for \u00e5 f\u00e5 tilgang til et stort spillutvalg, gode bonuser, og raske transaksjoner for b\u00e5de innskudd og uttak.","og_url":"http:\/\/casinoutenblokkering.com\/betalingsmetoder\/kryptocasino\/ethereum","og_site_name":"Casino Uten Blokkering","article_modified_time":"2024-06-24T14:38:21+00:00","twitter_card":"summary_large_image","twitter_misc":{"Estimated reading time":"8 minutes"},"schema":{"@context":"https:\/\/schema.org","@graph":[{"@type":"WebPage","@id":"http:\/\/casinoutenblokkering.com\/betalingsmetoder\/kryptocasino\/ethereum","url":"http:\/\/casinoutenblokkering.com\/betalingsmetoder\/kryptocasino\/ethereum","name":"Ethereum casinoer - Casino Uten Blokkering","isPartOf":{"@id":"https:\/\/casinoutenblokkering.com\/#website"},"datePublished":"2024-06-10T12:35:44+00:00","dateModified":"2024-06-24T14:38:21+00:00","description":"Spill hos Ethereum casinoer for \u00e5 f\u00e5 tilgang til et stort spillutvalg, gode bonuser, og raske transaksjoner for b\u00e5de innskudd og uttak.","breadcrumb":{"@id":"http:\/\/casinoutenblokkering.com\/betalingsmetoder\/kryptocasino\/ethereum#breadcrumb"},"inLanguage":"en-GB","potentialAction":[{"@type":"ReadAction","target":["http:\/\/casinoutenblokkering.com\/betalingsmetoder\/kryptocasino\/ethereum"]}]},{"@type":"BreadcrumbList","@id":"http:\/\/casinoutenblokkering.com\/betalingsmetoder\/kryptocasino\/ethereum#breadcrumb","itemListElement":[{"@type":"ListItem","position":1,"name":"Home","item":"https:\/\/casinoutenblokkering.com\/"},{"@type":"ListItem","position":2,"name":"Betalingsmetoder p\u00e5 utenlandske casinoer","item":"http:\/\/casinoutenblokkering.com\/betalingsmetoder"},{"@type":"ListItem","position":3,"name":"Kryptocasino","item":"http:\/\/casinoutenblokkering.com\/betalingsmetoder\/kryptocasino"},{"@type":"ListItem","position":4,"name":"Ethereum casinoer"}]},{"@type":"WebSite","@id":"https:\/\/casinoutenblokkering.com\/#website","url":"https:\/\/casinoutenblokkering.com\/","name":"Casino Uten Blokkering","description":"Alt du trenger for en smartere spillstrategi i Norge!","publisher":{"@id":"https:\/\/casinoutenblokkering.com\/#organization"},"potentialAction":[{"@type":"SearchAction","target":{"@type":"EntryPoint","urlTemplate":"https:\/\/casinoutenblokkering.com\/?s={search_term_string}"},"query-input":"required name=search_term_string"}],"inLanguage":"en-GB"},{"@type":"Organization","@id":"https:\/\/casinoutenblokkering.com\/#organization","name":"Casino Uten Blokkering","url":"https:\/\/casinoutenblokkering.com\/","logo":{"@type":"ImageObject","inLanguage":"en-GB","@id":"https:\/\/casinoutenblokkering.com\/#\/schema\/logo\/image\/","url":"https:\/\/casinoutenblokkering.com\/wp-content\/uploads\/2024\/07\/cropped-casinoutenblokkering-logo.webp","contentUrl":"https:\/\/casinoutenblokkering.com\/wp-content\/uploads\/2024\/07\/cropped-casinoutenblokkering-logo.webp","width":300,"height":263,"caption":"Casino Uten Blokkering"},"image":{"@id":"https:\/\/casinoutenblokkering.com\/#\/schema\/logo\/image\/"}}]}},"_links":{"self":[{"href":"https:\/\/casinoutenblokkering.com\/index.php?rest_route=\/wp\/v2\/pages\/658","targetHints":{"allow":["GET"]}}],"collection":[{"href":"https:\/\/casinoutenblokkering.com\/index.php?rest_route=\/wp\/v2\/pages"}],"about":[{"href":"https:\/\/casinoutenblokkering.com\/index.php?rest_route=\/wp\/v2\/types\/page"}],"author":[{"embeddable":true,"href":"https:\/\/casinoutenblokkering.com\/index.php?rest_route=\/wp\/v2\/users\/3"}],"replies":[{"embeddable":true,"href":"https:\/\/casinoutenblokkering.com\/index.php?rest_route=%2Fwp%2Fv2%2Fcomments&post=658"}],"version-history":[{"count":4,"href":"https:\/\/casinoutenblokkering.com\/index.php?rest_route=\/wp\/v2\/pages\/658\/revisions"}],"predecessor-version":[{"id":762,"href":"https:\/\/casinoutenblokkering.com\/index.php?rest_route=\/wp\/v2\/pages\/658\/revisions\/762"}],"up":[{"embeddable":true,"href":"https:\/\/casinoutenblokkering.com\/index.php?rest_route=\/wp\/v2\/pages\/654"}],"wp:attachment":[{"href":"https:\/\/casinoutenblokkering.com\/index.php?rest_route=%2Fwp%2Fv2%2Fmedia&parent=658"}],"curies":[{"name":"wp","href":"https:\/\/api.w.org\/{rel}","templated":true}]}}