{"id":678,"date":"2024-06-10T17:48:38","date_gmt":"2024-06-10T17:48:38","guid":{"rendered":"https:\/\/casinoutenblokkering.com\/?page_id=678"},"modified":"2024-06-24T14:40:09","modified_gmt":"2024-06-24T14:40:09","slug":"skatt-pa-utenlandske-casinoer","status":"publish","type":"page","link":"http:\/\/casinoutenblokkering.com\/casino-skatt\/utenlandske","title":{"rendered":"Skatt p\u00e5 utenlandske casinoer"},"content":{"rendered":"\n<p>N\u00e5r du spiller og vinner p\u00e5 utenlandske casinoer s\u00e5 er gevinstene skattepliktige. Men, kun hvis du vinner mye. Sm\u00e5 gevinster kan du nemlig f\u00e5 beholde i sin helhet, uten \u00e5 f\u00e5 skattesmell. Vi skal her ta deg gjennom de relativt enkle reglene som omhandler skatt p\u00e5 gevinster fra utenlandske casinoer.<\/p>\n\n\n\n<h2 class=\"wp-block-heading\">Skattbare gevinster fra utenlandske casinoer<\/h2>\n\n\n\n<p>Bel\u00f8pet du vinner vil avgj\u00f8re om du m\u00e5 skatte av gevinstene du vinner fra <a href=\"https:\/\/casinoutenblokkering.com\/utenlandske-spillselskaper\">utenlandske casinoer<\/a>. Det er to ulike terskler som bestemmer dette. Den ene terskelen gjelder enkeltgevinster, mens den andre gjelder samlede \u00e5rlige gevinster.\u00a0<\/p>\n\n\n\n<h3 class=\"wp-block-heading\">Enkeltgevinster p\u00e5 10.000 kr eller mer<\/h3>\n\n\n\n<p>Hvis du vinner 10.000 kr eller mer fra \u00e9n innsats vil du m\u00e5tte skatte. Dette betyr alts\u00e5 mer enn 10.000 kr i gevinst fra \u00e9n spillerne p\u00e5 en spilleautomat, \u00e9n spillerunde fra bordspill, \u00e9n innsats p\u00e5 sportsbetting, eller noen annen form for gevinst fra et pengespill.&nbsp;<\/p>\n\n\n\n<p>Med andre ord regnes ikke denne grensen basert p\u00e5 hele spill\u00f8kten eller mange spillerunder. P\u00e5 samme m\u00e5te gjelder det ikke dersom du satser 100 kr og f\u00e5r 10.000 utbetalt, da dette kun er en gevinst p\u00e5 9900 kr.&nbsp;<\/p>\n\n\n\n<p>Det som gj\u00f8r denne regelen litt kronglete er at du selv m\u00e5 holde styr p\u00e5 gevinstene dine, og vite hva du skal skatte av og ikke. Som dokumentasjon m\u00e5 du be om en utskrift fra casinoet hvor alle innsatser og gevinster listes.&nbsp;<\/p>\n\n\n\n<h3 class=\"wp-block-heading\">Samlede gevinster p\u00e5 100.000 kr eller mer<\/h3>\n\n\n\n<p>Grensen som gjelder for samlede casinogevinster er enklere \u00e5 forholde seg til. Denne grensen gir deg skattefrie gevinster for samlede gevinster p\u00e5 mindre enn 100.000 kr. Dette vil si nettoresultatene dine.&nbsp;<\/p>\n\n\n\n<p>Hva du vinner per spillerunde spiller ingen rolle, da det er totalen av gevinster minus innskudd som gjelder. Dermed kan du enkelt finne ut dette ved \u00e5 se p\u00e5 oversikten over dine transaksjoner til og fra casinoet.&nbsp;<\/p>\n\n\n\n<p>Hvis du ved \u00e5rsskiftet sitter igjen med 100.000 kr eller mer i overskudd skal dette oppgis p\u00e5 selvangivelsen din.<\/p>\n\n\n\n<h2 class=\"wp-block-heading\">Slik betaler du casinoskatt<\/h2>\n\n\n\n<p>Du betaler <a href=\"https:\/\/casinoutenblokkering.com\/casino-skatt\">casinoskatt<\/a> ved \u00e5 f\u00f8re opp de skattbare gevinstene p\u00e5 selvangivelsen. Dette kan du s\u00e5 klart gj\u00f8re over nett, ved \u00e5 logge inn i Altinn. Fremgangsm\u00e5ten er f\u00f8lgende:\u00a0<\/p>\n\n\n\n<ol class=\"wp-block-list\">\n<li>Logg inn p\u00e5 Altinn<\/li>\n\n\n\n<li>Gp til selvangivelsen for gjelden inntekts\u00e5r<\/li>\n\n\n\n<li>Fyll ut feltet \u201cPost 3.1.12 &#8211; Annen skattepliktig kapitalinntekt\u201d<\/li>\n\n\n\n<li>Spesifiser gevinstene og casinoets navn og annen relevant informasjon<\/li>\n\n\n\n<li>Send inn selvangivelsen<\/li>\n<\/ol>\n\n\n\n<p>Det er viktig \u00e5 merke at skattesatsen for kapitalinntekt er 22%. Og, ettersom skatt ikke trekkes n\u00e5r gevinstene utbetales fra casinoet m\u00e5 du selv legge dette bel\u00f8pet til side. Det beste er derfor \u00e5 sette til side disse pengene n\u00e5r du g\u00e5r gevinsten utbetalt, s\u00e5nn at du har pengene klare n\u00e5r skatteoppgj\u00f8ret er ferdigstilt.<\/p>\n\n\n\n<p>Husk ogs\u00e5 at dersom du spiller hos b\u00e5de <a href=\"https:\/\/casinoutenblokkering.com\/norske-spillselskaper\">norske spillselskaper <\/a>og utenlandske spillselskaper s\u00e5 er det kun gevinstene fra de utelnadske som m\u00e5 opplyses om.<\/p>\n\n\n\n<h2 class=\"wp-block-heading\">Ofte stilte sp\u00f8rsm\u00e5l<\/h2>\n\n\n\n<h3 class=\"wp-block-heading\">M\u00e5 jeg betale skatt p\u00e5 gevinster fra utenlandske nettcasinoer n\u00e5r jeg er bosatt i Norge?<\/h3>\n\n\n\n<p>Ja, du m\u00e5 betale skatt p\u00e5 gevinster fra utenlandske nettcasinoer hvis de overstiger visse terskler. Du skatter derimot ikke til landet casinoet operer fra, men til Norge.<\/p>\n\n\n\n<h3 class=\"wp-block-heading\">Hva er tersklene for n\u00e5r jeg m\u00e5 skatte av casinogevinster fra utenlandske operat\u00f8rer?<\/h3>\n\n\n\n<p>Du m\u00e5 skatte av casinogevinster fra utenlandske operat\u00f8rer hvis \u00e9n enkelt gevinst fra en innsats er 10.000 kr eller mer, eller hvis dine samlede gevinster fra utenlandske operat\u00f8rer i l\u00f8pet av et \u00e5r er 100.000 kr eller mer.<\/p>\n\n\n\n<h3 class=\"wp-block-heading\">Hvorfor m\u00e5 jeg skatte av gevinster fra utenlandske casinoer men ikke fra Norsk Tipping?<\/h3>\n\n\n\n<p>Norsk Tipping og andre selskaper og organisasjoner som tilbyr pengespill i Norge kan tilby skattefrie gevinster ettersom overskuddet deres g\u00e5r til veldedige form\u00e5l. Det er p\u00e5 grunn av dette at de anses som lisensierte casinooperat\u00f8rer i Norge.<\/p>\n\n\n\n<h3 class=\"wp-block-heading\">M\u00e5 jeg oppgi dokumentasjon for casinogevinstene mine til Skatteetaten?<\/h3>\n\n\n\n<p>Dersom Skatteetaten ber om dokumentasjon for gevinstene dine fra nettcasinoer m\u00e5 dette fremlegges. Det kan derfor v\u00e6re lurt \u00e5 \u00e5rlig be om utskrift av transaksjonene dine hos casinoet. Du kan ogs\u00e5 umiddelbart be om utskrift av spillerunden din dersom du vinner mer enn 10.000 kr.<\/p>\n\n\n\n<h3 class=\"wp-block-heading\">Hvilken skattesats gjelder for casinogevinster fra utenlandske operat\u00f8rer?<\/h3>\n\n\n\n<p>Skattesatsen for casinogevinster fra utenlandske operat\u00f8rer er den samme som for annen kapitalinntekt, som per 2024 er 22%.<\/p>\n","protected":false},"excerpt":{"rendered":"<p>N\u00e5r du spiller og vinner p\u00e5 utenlandske casinoer s\u00e5 er gevinstene skattepliktige. Men, kun hvis du vinner mye. Sm\u00e5 gevinster kan du nemlig f\u00e5 beholde i sin helhet, uten \u00e5 f\u00e5 skattesmell. Vi skal her ta deg gjennom de relativt enkle reglene som omhandler skatt p\u00e5 gevinster fra utenlandske casinoer. Skattbare gevinster fra utenlandske casinoer [&hellip;]<\/p>\n","protected":false},"author":3,"featured_media":0,"parent":676,"menu_order":0,"comment_status":"closed","ping_status":"closed","template":"","meta":{"footnotes":""},"class_list":["post-678","page","type-page","status-publish","hentry"],"yoast_head":"<!-- This site is optimized with the Yoast SEO plugin v22.7 - https:\/\/yoast.com\/wordpress\/plugins\/seo\/ -->\n<title>Skatt p\u00e5 utenlandske casinoer - Casino Uten Blokkering<\/title>\n<meta name=\"description\" content=\"Alt om casino skatt p\u00e5 gevinster fra norske og utenlandske nettcasinoer. Finn ut om dine casinogevinster er skattepliktige eller ikke.\" \/>\n<meta name=\"robots\" content=\"index, follow, max-snippet:-1, max-image-preview:large, max-video-preview:-1\" \/>\n<link rel=\"canonical\" href=\"http:\/\/casinoutenblokkering.com\/casino-skatt\/utenlandske\" \/>\n<meta property=\"og:locale\" content=\"en_GB\" \/>\n<meta property=\"og:type\" content=\"article\" \/>\n<meta property=\"og:title\" content=\"Skatt p\u00e5 utenlandske casinoer - Casino Uten Blokkering\" \/>\n<meta property=\"og:description\" content=\"Alt om casino skatt p\u00e5 gevinster fra norske og utenlandske nettcasinoer. Finn ut om dine casinogevinster er skattepliktige eller ikke.\" \/>\n<meta property=\"og:url\" content=\"http:\/\/casinoutenblokkering.com\/casino-skatt\/utenlandske\" \/>\n<meta property=\"og:site_name\" content=\"Casino Uten Blokkering\" \/>\n<meta property=\"article:modified_time\" content=\"2024-06-24T14:40:09+00:00\" \/>\n<meta name=\"twitter:card\" content=\"summary_large_image\" \/>\n<meta name=\"twitter:label1\" content=\"Estimated reading time\" \/>\n\t<meta name=\"twitter:data1\" content=\"4 minutes\" \/>\n<script type=\"application\/ld+json\" class=\"yoast-schema-graph\">{\"@context\":\"https:\/\/schema.org\",\"@graph\":[{\"@type\":\"WebPage\",\"@id\":\"http:\/\/casinoutenblokkering.com\/casino-skatt\/utenlandske\",\"url\":\"http:\/\/casinoutenblokkering.com\/casino-skatt\/utenlandske\",\"name\":\"Skatt p\u00e5 utenlandske casinoer - Casino Uten Blokkering\",\"isPartOf\":{\"@id\":\"https:\/\/casinoutenblokkering.com\/#website\"},\"datePublished\":\"2024-06-10T17:48:38+00:00\",\"dateModified\":\"2024-06-24T14:40:09+00:00\",\"description\":\"Alt om casino skatt p\u00e5 gevinster fra norske og utenlandske nettcasinoer. Finn ut om dine casinogevinster er skattepliktige eller ikke.\",\"breadcrumb\":{\"@id\":\"http:\/\/casinoutenblokkering.com\/casino-skatt\/utenlandske#breadcrumb\"},\"inLanguage\":\"en-GB\",\"potentialAction\":[{\"@type\":\"ReadAction\",\"target\":[\"http:\/\/casinoutenblokkering.com\/casino-skatt\/utenlandske\"]}]},{\"@type\":\"BreadcrumbList\",\"@id\":\"http:\/\/casinoutenblokkering.com\/casino-skatt\/utenlandske#breadcrumb\",\"itemListElement\":[{\"@type\":\"ListItem\",\"position\":1,\"name\":\"Home\",\"item\":\"http:\/\/casinoutenblokkering.com\/\"},{\"@type\":\"ListItem\",\"position\":2,\"name\":\"Casino skatt\",\"item\":\"http:\/\/casinoutenblokkering.com\/casino-skatt\"},{\"@type\":\"ListItem\",\"position\":3,\"name\":\"Skatt p\u00e5 utenlandske casinoer\"}]},{\"@type\":\"WebSite\",\"@id\":\"https:\/\/casinoutenblokkering.com\/#website\",\"url\":\"https:\/\/casinoutenblokkering.com\/\",\"name\":\"Casino Uten Blokkering\",\"description\":\"Alt du trenger for en smartere spillstrategi i Norge!\",\"publisher\":{\"@id\":\"https:\/\/casinoutenblokkering.com\/#organization\"},\"potentialAction\":[{\"@type\":\"SearchAction\",\"target\":{\"@type\":\"EntryPoint\",\"urlTemplate\":\"https:\/\/casinoutenblokkering.com\/?s={search_term_string}\"},\"query-input\":\"required name=search_term_string\"}],\"inLanguage\":\"en-GB\"},{\"@type\":\"Organization\",\"@id\":\"https:\/\/casinoutenblokkering.com\/#organization\",\"name\":\"Casino Uten Blokkering\",\"url\":\"https:\/\/casinoutenblokkering.com\/\",\"logo\":{\"@type\":\"ImageObject\",\"inLanguage\":\"en-GB\",\"@id\":\"https:\/\/casinoutenblokkering.com\/#\/schema\/logo\/image\/\",\"url\":\"https:\/\/casinoutenblokkering.com\/wp-content\/uploads\/2024\/07\/cropped-casinoutenblokkering-logo.webp\",\"contentUrl\":\"https:\/\/casinoutenblokkering.com\/wp-content\/uploads\/2024\/07\/cropped-casinoutenblokkering-logo.webp\",\"width\":300,\"height\":263,\"caption\":\"Casino Uten Blokkering\"},\"image\":{\"@id\":\"https:\/\/casinoutenblokkering.com\/#\/schema\/logo\/image\/\"}}]}<\/script>\n<!-- \/ Yoast SEO plugin. -->","yoast_head_json":{"title":"Skatt p\u00e5 utenlandske casinoer - Casino Uten Blokkering","description":"Alt om casino skatt p\u00e5 gevinster fra norske og utenlandske nettcasinoer. Finn ut om dine casinogevinster er skattepliktige eller ikke.","robots":{"index":"index","follow":"follow","max-snippet":"max-snippet:-1","max-image-preview":"max-image-preview:large","max-video-preview":"max-video-preview:-1"},"canonical":"http:\/\/casinoutenblokkering.com\/casino-skatt\/utenlandske","og_locale":"en_GB","og_type":"article","og_title":"Skatt p\u00e5 utenlandske casinoer - Casino Uten Blokkering","og_description":"Alt om casino skatt p\u00e5 gevinster fra norske og utenlandske nettcasinoer. Finn ut om dine casinogevinster er skattepliktige eller ikke.","og_url":"http:\/\/casinoutenblokkering.com\/casino-skatt\/utenlandske","og_site_name":"Casino Uten Blokkering","article_modified_time":"2024-06-24T14:40:09+00:00","twitter_card":"summary_large_image","twitter_misc":{"Estimated reading time":"4 minutes"},"schema":{"@context":"https:\/\/schema.org","@graph":[{"@type":"WebPage","@id":"http:\/\/casinoutenblokkering.com\/casino-skatt\/utenlandske","url":"http:\/\/casinoutenblokkering.com\/casino-skatt\/utenlandske","name":"Skatt p\u00e5 utenlandske casinoer - Casino Uten Blokkering","isPartOf":{"@id":"https:\/\/casinoutenblokkering.com\/#website"},"datePublished":"2024-06-10T17:48:38+00:00","dateModified":"2024-06-24T14:40:09+00:00","description":"Alt om casino skatt p\u00e5 gevinster fra norske og utenlandske nettcasinoer. Finn ut om dine casinogevinster er skattepliktige eller ikke.","breadcrumb":{"@id":"http:\/\/casinoutenblokkering.com\/casino-skatt\/utenlandske#breadcrumb"},"inLanguage":"en-GB","potentialAction":[{"@type":"ReadAction","target":["http:\/\/casinoutenblokkering.com\/casino-skatt\/utenlandske"]}]},{"@type":"BreadcrumbList","@id":"http:\/\/casinoutenblokkering.com\/casino-skatt\/utenlandske#breadcrumb","itemListElement":[{"@type":"ListItem","position":1,"name":"Home","item":"http:\/\/casinoutenblokkering.com\/"},{"@type":"ListItem","position":2,"name":"Casino skatt","item":"http:\/\/casinoutenblokkering.com\/casino-skatt"},{"@type":"ListItem","position":3,"name":"Skatt p\u00e5 utenlandske casinoer"}]},{"@type":"WebSite","@id":"https:\/\/casinoutenblokkering.com\/#website","url":"https:\/\/casinoutenblokkering.com\/","name":"Casino Uten Blokkering","description":"Alt du trenger for en smartere spillstrategi i Norge!","publisher":{"@id":"https:\/\/casinoutenblokkering.com\/#organization"},"potentialAction":[{"@type":"SearchAction","target":{"@type":"EntryPoint","urlTemplate":"https:\/\/casinoutenblokkering.com\/?s={search_term_string}"},"query-input":"required name=search_term_string"}],"inLanguage":"en-GB"},{"@type":"Organization","@id":"https:\/\/casinoutenblokkering.com\/#organization","name":"Casino Uten Blokkering","url":"https:\/\/casinoutenblokkering.com\/","logo":{"@type":"ImageObject","inLanguage":"en-GB","@id":"https:\/\/casinoutenblokkering.com\/#\/schema\/logo\/image\/","url":"https:\/\/casinoutenblokkering.com\/wp-content\/uploads\/2024\/07\/cropped-casinoutenblokkering-logo.webp","contentUrl":"https:\/\/casinoutenblokkering.com\/wp-content\/uploads\/2024\/07\/cropped-casinoutenblokkering-logo.webp","width":300,"height":263,"caption":"Casino Uten Blokkering"},"image":{"@id":"https:\/\/casinoutenblokkering.com\/#\/schema\/logo\/image\/"}}]}},"_links":{"self":[{"href":"https:\/\/casinoutenblokkering.com\/index.php?rest_route=\/wp\/v2\/pages\/678","targetHints":{"allow":["GET"]}}],"collection":[{"href":"https:\/\/casinoutenblokkering.com\/index.php?rest_route=\/wp\/v2\/pages"}],"about":[{"href":"https:\/\/casinoutenblokkering.com\/index.php?rest_route=\/wp\/v2\/types\/page"}],"author":[{"embeddable":true,"href":"https:\/\/casinoutenblokkering.com\/index.php?rest_route=\/wp\/v2\/users\/3"}],"replies":[{"embeddable":true,"href":"https:\/\/casinoutenblokkering.com\/index.php?rest_route=%2Fwp%2Fv2%2Fcomments&post=678"}],"version-history":[{"count":3,"href":"https:\/\/casinoutenblokkering.com\/index.php?rest_route=\/wp\/v2\/pages\/678\/revisions"}],"predecessor-version":[{"id":764,"href":"https:\/\/casinoutenblokkering.com\/index.php?rest_route=\/wp\/v2\/pages\/678\/revisions\/764"}],"up":[{"embeddable":true,"href":"https:\/\/casinoutenblokkering.com\/index.php?rest_route=\/wp\/v2\/pages\/676"}],"wp:attachment":[{"href":"https:\/\/casinoutenblokkering.com\/index.php?rest_route=%2Fwp%2Fv2%2Fmedia&parent=678"}],"curies":[{"name":"wp","href":"https:\/\/api.w.org\/{rel}","templated":true}]}}